r?
True
Is 70769 a composite number?
False
Is 85193 composite?
False
Is 187573 a prime number?
True
Is 95549 composite?
False
Is 14369 a composite number?
False
Is 1034086 a prime number?
False
Is 575987 a prime number?
True
Is 612141 composite?
True
Is 167423 prime?
True
Is 1280807 composite?
True
Is 1987 a composite number?
False
Is 30769 composite?
True
Is 872877 prime?
False
Is 426161 a prime number?
True
Is 2503 composite?
False
Is 284519 a prime number?
False
Is 598853 a prime number?
True
Is 6537 composite?
True
Is 95701 composite?
False
Is 22443 prime?
False
Is 75011 prime?
True
Is 31957 a prime number?
True
Is 148499 a composite number?
True
Is 289937 a composite number?
False
Is 1277 a composite number?
False
Is 433243 a prime number?
False
Is 22171 a prime number?
True
Is 23773 composite?
False
Is 19001 a prime number?
True
Is 594593 prime?
False
Is 61309 prime?
False
Is 80561 composite?
True
Is 13217 a prime number?
True
Is 127913 a prime number?
True
Is 13381 composite?
False
Is 16969 a prime number?
False
Is 77641 a prime number?
True
Is 423209 a prime number?
True
Is 906473 prime?
True
Is 13241 prime?
True
Is 530623 prime?
False
Is 552469 a composite number?
False
Is 57067 a composite number?
True
Is 3677 composite?
False
Is 12959 a prime number?
True
Is 1726 a prime number?
False
Is 69623 prime?
True
Is 1361 a composite number?
False
Is 296473 prime?
True
Is 2409667 a prime number?
False
Is 29983 a prime number?
True
Is 240233 a composite number?
True
Is 302599 prime?
False
Is 50201 a composite number?
True
Is 3641 prime?
False
Is 962449 a prime number?
False
Is 2999 prime?
True
Is 9965 a composite number?
True
Is 3353 a composite number?
True
Is 609833 a composite number?
True
Is 117071 a prime number?
True
Is 36257 a composite number?
True
Is 5471 composite?
False
Is 75173 composite?
True
Is 22805 prime?
False
Is 157655 prime?
False
Is 14131 a prime number?
False
Is 239 composite?
False
Is 18137 a prime number?
False
Is 245567 a composite number?
True
Is 29717 prime?
True
Is 24257 a composite number?
True
Is 263537 prime?
True
Is 2095 composite?
True
Is 249703 composite?
False
Is 2333 composite?
False
Is 489 a composite number?
True
Is 965329 a prime number?
True
Is 292909 a composite number?
False
Is 309193 a prime number?
True
Is 1527761 a composite number?
False
Is 5259 a prime number?
False
Is 182333 a prime number?
True
Is 77 composite?
True
Is 7773 a composite number?
True
Is 5963 composite?
True
Is 307 composite?
False
Is 11237 a prime number?
False
Is 2096603 prime?
False
Is 85751 a prime number?
True
Is 15971 a composite number?
False
Is 45233 a composite number?
False
Is 631 a composite number?
False
Is 165993 a composite number?
True
Is 863611 a composite number?
True
Is 15727 a prime number?
True
Is 22853 a composite number?
False
Is 272413 a prime number?
False
Is 32491 composite?
False
Is 110041 a prime number?
False
Is 109969 composite?
True
Is 32897 prime?
False
Is 469615 a prime number?
False
Is 39703 a composite number?
False
Is 101615 composite?
True
Is 1281161 a composite number?
True
Is 53569 composite?
False
Is 1543 a composite number?
False
Is 359 prime?
True
Is 46261 a prime number?
True
Is 4663 a prime number?
True
Is 9687 a composite number?
True
Is 9143 prime?
False
Is 92413 prime?
True
Is 12877 prime?
False
Is 27139 a composite number?
True
Is 272465 composite?
True
Is 3664361 composite?
False
Is 309811 a prime number?
True
Is 251051 prime?
True
Is 672493 prime?
True
Is 53503 prime?
True
Is 4777 prime?
False
Is 176555 a composite number?
True
Is 53777 a prime number?
True
Is 8709 composite?
True
Is 5099 a prime number?
True
Is 262621 prime?
True
Is 104341 a prime number?
False
Is 10555 prime?
False
Is 10499 prime?
True
Is 2459 composite?
False
Is 316685 a prime number?
False
Is 1131787 prime?
True
Is 79687 a composite number?
False
Is 1055393 prime?
False
Is 172702 a prime number?
False
Is 228353 a prime number?
True
Is 622957 a prime number?
True
Is 5039 a prime number?
True
Is 69991 composite?
False
Is 69109 a prime number?
True
Is 6973 a composite number?
True
Is 1345811 prime?
True
Is 31549 prime?
False
Is 537107 composite?
True
Is 858397 a composite number?
False
Is 986351 a composite number?
False
Is 8179 a prime number?
True
Is 13649 prime?
True
Is 51893 prime?
True
Is 506327 composite?
False
Is 210473 prime?
False
Is 870761 a composite number?
True
Is 52681 composite?
True
Is 16349 a prime number?
True
Is 33097 a composite number?
True
Is 12713 a prime number?
True
Is 49107 prime?
False
Is 2837 prime?
True
Is 5899 a prime number?
False
Is 10198 composite?
True
Is 193421 a composite number?
True
Is 3137 composite?
False
Is 913819 a prime number?
False
Is 58657 a composite number?
False
Is 1801 prime?
True
Is 73249 composite?
True
Is 28387 a prime number?
True
Is 1055 prime?
False
Is 243667 a composite number?
True
Is 160045 prime?
False
Is 45581 prime?
False
Is 10037 a composite number?
False
Is 217559 a composite number?
False
Is 132127 composite?
True
Is 2167 a prime number?
False
Is 4253 a prime number?
True
Is 29411 prime?
True
Is 1332817 a composite number?
True
Is 36833 a prime number?
True
Is 216997 prime?
False
Is 453799 composite?
False
Is 10847 a prime number?
True
Is 13385 a prime number?
False
Is 789 prime?
False
Is 7121 prime?
True
Is 181 composite?
False
Is 11607091 composite?
False
Is 126091 a composite number?
True
Is 2953589 composite?
False
Is 9257 a composite number?
False
Is 92762 composite?
True
Is 4121 a composite number?
True
Is 324167 composite?
True
Is 797 a composite number?
False
Is 142619 composite?
False
Is 1099 composite?
True
Is 146513 a composite number?
False
Is 554 a prime number?
False
Is 2981 a prime number?
False
Is 307337 composite?
False
Is 544637 a prime number?
False
Is 362137 a prime number?
True
Is 249703 a prime number?
True
Is 259 composite?
True
Is 138727 composite?
False
Is 73547 a prime number?
True
Is 82067 a composite number?
False
Is 101891 composite?
False
Is 1754 prime?
False
Is 4241 a prime number?
True
Is 92987 prime?
True
Is 2603801 a prime number?
False
Is 111661 prime?
False
Is 406207 composite?
False
Is 686593 prime?
True
Is 20467 prime?
False
Is 87931 a composite number?
False
Is 705209 composite?
False
Is 3341 composite?
True
Is 8491 a prime number?
False
Is 184123 a composite number?
True
Is 59863 a composite number?
False
Is 5833 prime?
False
Is 358519 a composite number?
True
Is 331621 a composite number?
True
Is 195581 composite?
False
Is 1413089 prime?
True
Is 83833 a composite number?
False
Is 7909 a composite number?
True
Is 17077 a composite number?
False
Is 840341 a prime number?
True
Is 150983 composite?
True
Is 866363 prime?
False
Is 1784527 composite?
False
Is 300557 a prime number?
True
Is 2899 a composite number?
True
Is 3163 a prime number?
True
Is 32309 composite?
False
Is 6259 composite?
True
Is 130003 a composite number?
False
Is 700351 prime?
False
Is 5213 a prime number?
False
Is 1352749 composite?
False
Is 673 composite?
False
Is 6619 prime?
True
Is 232357 a prime number?
True
Is 27043 a composite number?
False
Is 223 a composite number?
False
Is 19619 prime?
False
Is 287539 a composite number?
True
Is 424663 composite?
True
Is 38207 a composite number?
True
Is 29717 a prime number?
True
Is 1895 prime?
False
Is 629751 a composite number?
True
Is 92153 a composite number?
False
Is 61861 composite?
False
Is 114553 a composite number?
False
Is 148187 a prime number?
False
Is 22433 prime?
True
Is 63303 a composite number?
True
Is 27123 prime?
False
Is 48099 a prime number?
False
Is 1141649 prime?
True
Is 227683 prime?
False
Is 19673 a prime number?
False
Is 473191 a composite number?
False
Is 23007 prime?
False
Is 15401 a composite number?
False
Is 3676315 prime?
False
Is 2581 prime?
False
Is 401707 prime?
True
Is 69767 composite?
False
Is 16603 composite?
False
Is 55453 a composite number?
True
Is 103387 prime?
True
Is 3845 a prime number?
False
Is 10247 a prime number?
True
Is 37645 prime?
False
Is 749221 prime?
False
Is 21787 composite?
False
Is 40637 composite?
False
Is 1363663 composite?
True
Is 324007 prime?
False
Is 3659 prime?
True
Is 645787 a prime number?
True
Is 659653 prime?
True
Is 75659 a prime n